?
True
Is 13992633194 a prime number?
False
Is 44436956349 prime?
False
Is 1611092761 prime?
True
Is 942946207 prime?
False
Is 10418600417 composite?
False
Is 13119774407 prime?
True
Is 441709187 composite?
False
Is 121130566 prime?
False
Is 185556697 a composite number?
False
Is 78636458101 prime?
False
Is 765699911 a prime number?
True
Is 45175999315 prime?
False
Is 345630289 a prime number?
True
Is 22209001 composite?
False
Is 450249161 a composite number?
False
Is 124969492457 a prime number?
True
Is 72557308253 a prime number?
True
Is 672179099 prime?
False
Is 110315958871 a prime number?
True
Is 19125893359 a composite number?
False
Is 30411631759 a prime number?
True
Is 9235632253 composite?
False
Is 17467002389 a composite number?
False
Is 1884506959 a prime number?
True
Is 310822050421 prime?
False
Is 38790461267 a prime number?
True
Is 240642559 a prime number?
True
Is 1856325323 a composite number?
True
Is 25008177079 a composite number?
False
Is 18843173549 a prime number?
True
Is 1740456593 composite?
True
Is 2749707453 a composite number?
True
Is 962020421 a prime number?
False
Is 1771071697 a prime number?
False
Is 25402055507 prime?
True
Is 8227556671 prime?
False
Is 3283778051 prime?
True
Is 20259749113 prime?
True
Is 1510234751 prime?
True
Is 1101831737 a composite number?
False
Is 3118719423 prime?
False
Is 85566781639 prime?
True
Is 61773653693 prime?
False
Is 40992869254 a prime number?
False
Is 914093491 composite?
True
Is 29408563087 prime?
False
Is 9005693813 a composite number?
False
Is 737781379 a composite number?
True
Is 984274913 composite?
True
Is 4008193171 a composite number?
False
Is 1285373917 a composite number?
True
Is 6868800277 prime?
False
Is 149970122909 a composite number?
True
Is 4952113797 a prime number?
False
Is 745303831 a composite number?
False
Is 63866426803 composite?
True
Is 1125708469 a composite number?
False
Is 190266303307 a composite number?
True
Is 4935266695 a composite number?
True
Is 5471664791 composite?
False
Is 23388695873 a prime number?
True
Is 43916070997 composite?
True
Is 2369077861 a prime number?
True
Is 19357559729 a prime number?
True
Is 22703525213 prime?
False
Is 459739099 a prime number?
True
Is 276335749 composite?
True
Is 2480150735 a composite number?
True
Is 11931352249 composite?
True
Is 41963196817 composite?
False
Is 56456118518 prime?
False
Is 39516452657 composite?
True
Is 296644613 prime?
True
Is 581785931 prime?
True
Is 25269761849 a prime number?
False
Is 24716691521 a prime number?
True
Is 13478593267 prime?
True
Is 40549044685 a prime number?
False
Is 4254594065 prime?
False
Is 6324456401 a composite number?
True
Is 29936818577 a composite number?
False
Is 9817879403 prime?
True
Is 144093755681 a prime number?
False
Is 38458708823 composite?
False
Is 36737369 a prime number?
False
Is 6541081049 composite?
True
Is 3563023313 a prime number?
True
Is 156172719883 a prime number?
False
Is 56669591603 prime?
False
Is 1155274226 prime?
False
Is 4927432803 a composite number?
True
Is 38978761829 composite?
True
Is 5501313479 a composite number?
True
Is 1169701846717 prime?
True
Is 517956743 a composite number?
False
Is 51427126489 composite?
False
Is 257055439 composite?
True
Is 2464720437 composite?
True
Is 2679003163 prime?
False
Is 18883601171 a prime number?
False
Is 29016965773 a composite number?
False
Is 1788307 a prime number?
False
Is 276843829 composite?
True
Is 102418529 prime?
True
Is 1452361969 composite?
True
Is 515664741 a prime number?
False
Is 460805593 composite?
False
Is 593048627 prime?
False
Is 2552213567 a composite number?
False
Is 532126207 composite?
False
Is 11366622571 a prime number?
True
Is 4772850553 a prime number?
False
Is 779613427 prime?
True
Is 975790633 prime?
False
Is 63276245839 a prime number?
True
Is 14025854339 prime?
False
Is 78892889 a composite number?
True
Is 26097350327 composite?
True
Is 7336205581 composite?
False
Is 22338059 a prime number?
True
Is 14529869 a composite number?
False
Is 1083142517 prime?
False
Is 2580437269 a composite number?
True
Is 7679529443 a composite number?
True
Is 332098903 a composite number?
False
Is 19480634465 prime?
False
Is 47146526953 prime?
False
Is 6665963341 a composite number?
True
Is 16624400669 a prime number?
True
Is 21251122957 prime?
True
Is 52102423 prime?
True
Is 46725905923 a composite number?
False
Is 88343279 a composite number?
False
Is 24688338137 a composite number?
True
Is 9739274443 composite?
False
Is 94654861957 prime?
False
Is 5336780671 prime?
False
Is 13515265585 composite?
True
Is 12525116779 prime?
False
Is 41687417441 composite?
False
Is 158537647 prime?
True
Is 3118955705 a composite number?
True
Is 88127347895 a prime number?
False
Is 1844124973 a prime number?
True
Is 25542112481 prime?
True
Is 262193279 a composite number?
True
Is 5300695667 a prime number?
False
Is 7004573 a composite number?
True
Is 120340751683 prime?
False
Is 10773020941 a composite number?
True
Is 77916223757 a prime number?
True
Is 45381541999 composite?
True
Is 479876161 prime?
True
Is 14922676679 prime?
True
Is 871438193 prime?
True
Is 1379909099 composite?
True
Is 4139515015 a composite number?
True
Is 162267629 prime?
True
Is 1387102207 a prime number?
True
Is 26051089865 a composite number?
True
Is 7333694323 a composite number?
True
Is 31985884613 prime?
True
Is 180463471 prime?
False
Is 7683728929 a prime number?
True
Is 201989225923 a prime number?
True
Is 160843967 composite?
False
Is 326855843 a composite number?
True
Is 726783373 a prime number?
True
Is 101481707 prime?
True
Is 73368742921 a prime number?
False
Is 40734192883 prime?
True
Is 17077543979 a prime number?
True
Is 100531489039 composite?
False
Is 3828900433 a composite number?
False
Is 8317028311 a prime number?
False
Is 6531190693 a composite number?
False
Is 5090285569 prime?
True
Is 810863543 composite?
True
Is 949680761 a composite number?
False
Is 9178993471 composite?
True
Is 1036708087 a prime number?
True
Is 395550581 a composite number?
False
Is 3921875819 prime?
True
Is 13391630717 a prime number?
True
Is 5228396119 prime?
True
Is 12083132969 composite?
False
Is 3081815129 prime?
True
Is 32605927 a prime number?
False
Is 4476244897 a prime number?
True
Is 56512466821 composite?
True
Is 13628870963 prime?
True
Is 11891667713 prime?
False
Is 481480631 composite?
True
Is 4785897455 composite?
True
Is 19904276401 a prime number?
True
Is 46729415203 a prime number?
True
Is 1901824231 composite?
True
Is 11450298407 a prime number?
True
Is 37313796253 a composite number?
False
Is 13775784091 a prime number?
True
Is 478486574 prime?
False
Is 251029694623 prime?
True
Is 432638069 composite?
True
Is 1332231157 a composite number?
False
Is 685599509 a composite number?
True
Is 336645703 composite?
False
Is 11777839691 prime?
True
Is 4325380717 prime?
False
Is 109238366651 a composite number?
True
Is 1948515223 composite?
True
Is 1270532267 a composite number?
False
Is 8757594445 a prime number?
False
Is 3350371979 prime?
True
Is 2070603737 a composite number?
False
Is 5320684379 a composite number?
True
Is 1050864739 prime?
True
Is 57836747 a prime number?
True
Is 14682731269 a prime number?
False
Is 947826853 a composite number?
False
Is 9379661503 prime?
True
Is 33493130059 composite?
False
Is 689424581 prime?
True
Is 4036077949 prime?
True
Is 56653601941 composite?
False
Is 125471030617 prime?
False
Is 235607153 composite?
True
Is 74868191 a composite number?
False
Is 162123077 a composite number?
False
Is 13752612113 composite?
False
Is 1736231803 composite?
False
Is 519508667 prime?
False
Is 882878351 a composite number?
False
Is 6474576887 a composite number?
False
Is 11707174231 a composite number?
True
Is 1059431827 a composite number?
False
Is 48002171797 a composite number?
False
Is 47193707273 composite?
True
Is 3265248661 a prime number?
True
Is 98951119177 a composite number?
False
Is 3676506247 prime?
False
Is 12954221723 prime?
False
Is 858877693 composite?
True
Is 19874409839 prime?
True
Is 1947885307 composite?
False
Is 138091961102 a prime number?
False
Is 93891832019 prime?
True
Is 587646299 prime?
False
Is 1373710694 prime?
False
Is 1843365169 composite?
False
Is 2745852337 composite?